2, 3, 11, 23, 30113
List the prime factors of 37187913.
3, 7, 252979
What are the prime factors of 212767396?
2, 19, 613, 4567
What are the prime factors of 214453911?
3, 7, 1657, 6163
What are the prime factors of 4110121602?
2, 3, 59, 430019
List the prime factors of 124363106.
2, 7, 8883079
List the prime factors of 1650411878.
2, 18353, 44963
List the prime factors of 58717336.
2, 7339667
List the prime factors of 25249593.
3, 31, 271501
List the prime factors of 285913807.
311, 919337
What are the prime factors of 69043194?
2, 3, 11, 23, 15161
What are the prime factors of 416818076?
2, 53, 1966123
List the prime factors of 1126332901.
19, 127, 466777
List the prime factors of 63522450.
2, 3, 5, 141161
What are the prime factors of 744028219?
11, 23, 139, 21157
List the prime factors of 1030123773.
3, 7, 1543, 10597
List the prime factors of 221341357.
2591, 85427
What are the prime factors of 1558394966?
2, 59, 223843
What are the prime factors of 46700044?
2, 853, 13687
What are the prime factors of 6428504889?
3, 1811, 394411
List the prime factors of 2126640799.
5801, 366599
What are the prime factors of 249259149?
3, 27695461
List the prime factors of 67623637.
17, 41, 97021
What are the prime factors of 478392927?
3, 61, 2614169
List the prime factors of 38707114.
2, 23, 841459
List the prime factors of 2447763477.
3, 23, 2593, 13681
What are the prime factors of 151493675?
5, 83, 73009
What are the prime factors of 400188103?
7, 57169729
What are the prime factors of 5582511034?
2, 17, 43, 3818407
What are the prime factors of 2193039884?
2, 7, 11188979
What are the prime factors of 58968698?
2, 227, 129887
List the prime factors of 58253012.
2, 19, 766487
List the prime factors of 45654304.
2, 43, 33179
What are the prime factors of 862248912?
2, 3, 7, 1129, 2273
List the prime factors of 7242236452.
2, 11, 199, 673, 1229
What are the prime factors of 11385777?
3, 13, 29, 10067
What are the prime factors of 2741012858?
2, 2411, 568439
List the prime factors of 895400086.
2, 7, 63957149
What are the prime factors of 30247277?
23, 61, 21559
List the prime factors of 60050640.
2, 3, 5, 13, 19, 1013
What are the prime factors of 18305986?
2, 9152993
List the prime factors of 41771789.
97, 499, 863
List the prime factors of 31058863.
11, 19, 173, 859
List the prime factors of 69523004.
2, 59, 97, 3037
List the prime factors of 676573234.
2, 10973, 30829
What are the prime factors of 104325233?
104325233
List the prime factors of 131356597.
59, 2226383
List the prime factors of 201778340.
2, 5, 10088917
List the prime factors of 267889112.
2, 33486139
What are the prime factors of 899920794?
2, 3, 673, 222863
List the prime factors of 23161393.
23161393
List the prime factors of 312779056.
2, 17, 37, 31079
List the prime factors of 2370331018.
2, 11, 59, 1826141
List the prime factors of 364454931.
3, 61, 191, 10427
What are the prime factors of 26305890?
2, 3, 5, 13, 37, 1823
What are the prime factors of 481603478?
2, 240801739
What are the prime factors of 71295338?
2, 35647669
What are the prime factors of 80249092?
2, 7, 11, 260549
What are the prime factors of 174594252?
2, 3, 7, 296929
List the prime factors of 272647459.
7, 859, 45343
What are the prime factors of 124051451?
124051451
List the prime factors of 3876084174.
2, 3, 646014029
What are the prime factors of 396121020?
2, 3, 5, 911, 7247
What are the prime factors of 31066188?
2, 3, 521, 4969
List the prime factors of 413667014.
2, 53, 1531, 2549
What are the prime factors of 745542496?
2, 2957, 7879
List the prime factors of 394504932.
2, 3, 32875411
List the prime factors of 1159302776.
2, 144912847
What are the prime factors of 889998357?
3, 41, 61, 118619
List the prime factors of 871765753.
193, 4516921
What are the prime factors of 703544120?
2, 5, 17588603
List the prime factors of 168268387.
7, 41, 586301
List the prime factors of 1443390078.
2, 3, 13, 137, 293, 461
List the prime factors of 10612487.
3061, 3467
What are the prime factors of 7254123?
3, 89, 101, 269
What are the prime factors of 49933955?
5, 9986791
List the prime factors of 279686846.
2, 29, 4822187
What are the prime factors of 196326180?
2, 3, 5, 121189
What are the prime factors of 779019056?
2, 647, 75253
What are the prime factors of 100553973?
3, 13, 467, 5521
List the prime factors of 6032236.
2, 7, 97, 2221
List the prime factors of 23601827.
211, 111857
List the prime factors of 766875602.
2, 383437801
List the prime factors of 2097171265.
5, 7, 19, 3153641
What are the prime factors of 2487288752?
2, 13, 11958119
List the prime factors of 2033290313.
229, 8878997
List the prime factors of 33414513.
3, 11, 92051
List the prime factors of 3454644389.
7, 5059, 97553
What are the prime factors of 31764887?
7, 11, 8419
List the prime factors of 39306287.
23, 67, 1109
List the prime factors of 365971871.
281, 1302391
List the prime factors of 46374190.
2, 5, 29, 159911
List the prime factors of 1237138257.
3, 2113, 195163
List the prime factors of 187586184.
2, 3, 7816091
List the prime factors of 210900005.
5, 1811, 23291
What are the prime factors of 65977289?
7, 17, 554431
List the prime factors of 27128485.
5, 19, 29, 43, 229
What are the prime factors of 35158118?
2, 17579059
What are the prime factors of 36145662?
2, 3, 7, 241, 3571
List the prime factors of 1306737800.
2, 5, 6533689
What are the prime factors of 139116158?
2, 31, 2243809
What are the prime factors of 131041652?
2, 7, 53, 227, 389
List the prime factors of 44458964.
2, 11, 1010431
What are the prime factors of 300559241?
300559241
What are the prime factors of 928584685?
5, 7, 4373, 6067
What are the prime factors of 16810890?
2, 3, 5, 229, 2447
List the prime factors of 94748243.
89, 1064587
List the prime factors of 112469266.
2, 7, 13, 617963
What are the prime factors of 2478588368?
2, 154911773
What are the prime factors of 5023656335?
5, 19, 47, 653, 1723
List the prime factors of 253041877.
11, 137, 167911
What are the prime factors of 6839934742?
2, 3419967371
What are the prime factors of 66394563?
3, 22131521
List the prime factors of 2522919690.
2, 3, 5, 9344147
What are the prime factors of 678731537?
11, 601, 102667
What are the prime factors of 30981774?
2, 3, 5163629
What are the prime factors of 294215829?
3, 79, 1241417
List the prime factors of 73088619.
3, 47, 569, 911
What are the prime factors of 13807655?
5, 17, 61, 2663
List the prime factors of 8533961.
61, 139901
List the prime factors of 5598742453.
229, 24448657
List the prime factors of 326550935.
5, 271, 240997
List the prime factors of 6884392.
2, 41, 139, 151
What are the prime factors of 820539028?
2, 541, 379177
What are the prime factors of 183615189?
3, 293, 208891
List the prime factors of 3986689059.
3, 59, 7507889
What are the prime factors of 394248447?
3, 43805383
List the prime factors of 3637890.
2, 3, 5, 83, 487
List the prime factors of 91777191.
3, 11, 653, 4259
What are the prime factors of 8081121?
3, 2693707
List the prime factors of 41669789.
7, 5952827
List the prime factors of 245648281.
61, 4027021
What are the prime factors of 273784872?
2, 3, 1097, 10399
List the prime factors of 213294072.
2, 3, 29, 306457
List the prime factors of 82326634.
2, 13, 3166409
List the prime factors of 30999622.
2, 701, 22111
What are the prime factors of 5405075672?
2, 1399, 482941
What are the prime factors of 732843635?
5, 41, 3574847
List the prime factors of 972684231.
3, 37, 8762921
List the prime factors of 7523990.
2, 5, 23, 32713
What are the prime factors of 74119783?
179, 414077
List the prime factors of 26497198.
2, 7, 13, 145589
What are the prime factors of 5551583?
5551583
What are the prime factors of 1094074179?
3, 11, 33153763
List the prime factors of 2913236437.
593, 4912709
What are the prime factors of 18875440?
2, 5, 17, 13879
List the prime factors of 45127286.
2, 73, 309091
List the prime factors of 771233557.
151, 5107507
What are the prime factors of 313899623?
67, 641, 7309
What are the prime factors of 311111936?
2, 41, 29641
List the prime factors of 41844382.
2, 47, 163, 2731
List the prime factors of 218984432.
2, 13686527
What are the prime factors of 34411442?
2, 13, 61, 1669
List the prime facto